s of 41753789.
7, 11, 569, 953
List the prime factors of 250434278.
2, 37, 3384247
What are the prime factors of 336934731?
3, 7, 29, 1613
What are the prime factors of 79100819?
7, 19, 197, 3019
List the prime factors of 1444810431.
3, 151, 3189427
List the prime factors of 20614912.
2, 80527
What are the prime factors of 76242622?
2, 4513, 8447
List the prime factors of 823511.
13, 63347
List the prime factors of 2160114074.
2, 107, 1453, 6947
List the prime factors of 6062721022.
2, 139, 21808349
List the prime factors of 2796044503.
7, 19, 233, 90227
What are the prime factors of 53138772?
2, 3, 67, 22031
What are the prime factors of 316863415?
5, 11, 53, 71, 1531
What are the prime factors of 23447741?
23, 1019467
What are the prime factors of 45954155?
5, 13, 706987
List the prime factors of 71688298.
2, 11, 61, 53419
What are the prime factors of 349597948?
2, 7, 19, 13411
List the prime factors of 1150536783.
3, 11, 283, 349, 353
What are the prime factors of 4914413598?
2, 3, 819068933
What are the prime factors of 2817569951?
7, 983, 409471
List the prime factors of 2782505084.
2, 19, 73, 449, 1117
What are the prime factors of 1050641308?
2, 61, 223, 19309
What are the prime factors of 87037602?
2, 3, 1213, 11959
List the prime factors of 3088424026.
2, 173, 8926081
What are the prime factors of 5490608?
2, 343163
What are the prime factors of 413541427?
13, 31810879
List the prime factors of 39945784.
2, 17, 419, 701
What are the prime factors of 327976264?
2, 7, 11, 71, 7499
List the prime factors of 885099569.
31, 61, 468059
List the prime factors of 26290162.
2, 13145081
List the prime factors of 370713095.
5, 137, 271, 1997
List the prime factors of 1450050039.
3, 53705557
What are the prime factors of 124755558?
2, 3, 19, 139, 7873
What are the prime factors of 236902833?
3, 61, 83, 1733
List the prime factors of 61910292.
2, 3, 1097, 4703
What are the prime factors of 441962098?
2, 179, 1234531
What are the prime factors of 26103592?
2, 3262949
List the prime factors of 145861187.
61, 2391167
List the prime factors of 12749493.
3, 4249831
List the prime factors of 724744632.
2, 3, 4597, 6569
List the prime factors of 48626353.
48626353
List the prime factors of 108002450.
2, 5, 31, 59, 1181
List the prime factors of 41845048.
2, 7, 383, 1951
List the prime factors of 3150409864.
2, 7, 56257319
List the prime factors of 6192869891.
13, 223, 2136209
What are the prime factors of 584697406?
2, 9887, 29569
List the prime factors of 1314749263.
281, 4678823
List the prime factors of 519205348.
2, 129801337
What are the prime factors of 345402619?
137, 619, 4073
What are the prime factors of 4301780452?
2, 1075445113
List the prime factors of 174656583.
3, 43, 451309
What are the prime factors of 79118226?
2, 3, 11, 399587
List the prime factors of 191179707.
3, 63726569
What are the prime factors of 2763008161?
379, 2377, 3067
What are the prime factors of 1359743937?
3, 311, 1457389
List the prime factors of 102566159.
102566159
List the prime factors of 862441644.
2, 3, 131, 523, 1049
What are the prime factors of 72465501?
3, 24155167
List the prime factors of 2928161538.
2, 3, 1303, 124847
List the prime factors of 852771911.
73, 97, 120431
List the prime factors of 12762735.
3, 5, 850849
List the prime factors of 42514811.
233, 182467
What are the prime factors of 475780?
2, 5, 23789
What are the prime factors of 161231835?
3, 5, 3079, 3491
What are the prime factors of 101530734?
2, 3, 487, 34747
What are the prime factors of 39491206?
2, 19745603
What are the prime factors of 889111296?
2, 3, 307, 419
What are the prime factors of 115077173?
115077173
List the prime factors of 75142928.
2, 7, 670919
What are the prime factors of 3492269273?
3492269273
What are the prime factors of 2863164648?
2, 3, 119298527
What are the prime factors of 636297170?
2, 5, 63629717
What are the prime factors of 706179436?
2, 127, 1390117
List the prime factors of 143729053.
13, 19, 37, 15727
List the prime factors of 3567824213.
271, 13165403
What are the prime factors of 201447927?
3, 3499, 6397
List the prime factors of 1575627219.
3, 175069691
What are the prime factors of 393373923?
3, 131124641
What are the prime factors of 37681933?
29, 1299377
What are the prime factors of 24623828?
2, 6155957
List the prime factors of 334789759.
334789759
What are the prime factors of 924303274?
2, 157, 2943641
List the prime factors of 87182136.
2, 3, 403621
What are the prime factors of 39787873?
39787873
List the prime factors of 686983809.
3, 2099, 109097
List the prime factors of 824433912.
2, 3, 101, 113371
List the prime factors of 629320440.
2, 3, 5, 7, 197, 3803
What are the prime factors of 542124659?
191, 701, 4049
What are the prime factors of 361311187?
13163, 27449
List the prime factors of 79282135.
5, 17, 59, 15809
List the prime factors of 525640675.
5, 7, 89, 33749
List the prime factors of 44865494.
2, 29, 31, 24953
List the prime factors of 13734308.
2, 7, 79, 887
List the prime factors of 39734138.
2, 19867069
What are the prime factors of 2515056993?
3, 17, 5479427
List the prime factors of 504013309.
71, 839, 8461
List the prime factors of 123042798.
2, 3, 131, 52181
List the prime factors of 577153246.
2, 307, 939989
List the prime factors of 205026013.
205026013
List the prime factors of 114226757.
17, 6719221
List the prime factors of 11664843.
3, 3888281
What are the prime factors of 16123841?
16123841
List the prime factors of 4410370563.
3, 1470123521
List the prime factors of 35376789.
3, 7, 1684609
What are the prime factors of 503551010?
2, 5, 163, 308927
What are the prime factors of 125158863?
3, 107, 389903
List the prime factors of 141576248.
2, 11, 1608821
List the prime factors of 1627522563.
3, 71, 163, 46877
What are the prime factors of 129883081?
167, 777743
List the prime factors of 1855541176.
2, 509, 455683
What are the prime factors of 333600548?
2, 31, 47, 57241
What are the prime factors of 812162158?
2, 991, 409769
List the prime factors of 3953779655.
5, 7, 97, 1164589
List the prime factors of 112244125.
5, 7, 37, 3467
What are the prime factors of 2794502472?
2, 3, 10399, 11197
List the prime factors of 202949332.
2, 17, 23, 129763
List the prime factors of 35424860.
2, 5, 599, 2957
List the prime factors of 58707005.
5, 7, 1677343
What are the prime factors of 2155891945?
5, 89, 751, 6451
What are the prime factors of 2999659?
13, 230743
List the prime factors of 58661425.
5, 1373, 1709
List the prime factors of 1165981257.
3, 7, 89, 69317
List the prime factors of 202065931.
19, 10635049
List the prime factors of 29693012.
2, 7423253
List the prime factors of 3304138.
2, 19, 86951
What are the prime factors of 178477784?
2, 409, 54547
List the prime factors of 169443379.
7, 743, 32579
List the prime factors of 49091031.
3, 11, 61, 739
List the prime factors of 431749656.
2, 3, 13, 153757
List the prime factors of 276256490.
2, 5, 27625649
List the prime factors of 450603460.
2, 5, 1303, 17291
What are the prime factors of 362700871?
13, 2146159
List the prime factors of 25172135.
5, 5034427
List the prime factors of 27220939.
19, 1432681
List the prime factors of 630331689.
3, 13, 16162351
What are the prime factors of 3644579429?
163, 349, 64067
What are the prime factors of 20951972?
2, 67, 78179
List the prime factors of 45061538.
2, 31, 239, 3041
List the prime factors of 89676492.
2, 3, 7473041
What are the prime factors of 44366722?
2, 983, 22567
List the prime factors of 1535706711.
3, 7, 11, 19, 23, 461
List the prime factors of 1627911180.
2, 3, 5, 7, 941, 1373
List the prime factors of 356187622.
2, 7, 25441973
List the prime factors of 116478114.
2, 3, 439, 44221
List the prime factors of 4497097318.
2, 7, 7297, 44021
List the prime factors of 3121049999.
809, 3857911
What are the prime factors of 2019245542?
2, 13469, 74959
List the prime factors of 3626711090.
2, 5, 362671109
List the prime factors of 53958935.
5, 17, 71, 8941
What are the prime factors of 67422322?
2, 11, 3064651
What are the prime factors of 3564275?
5, 11, 13, 997
What are the prime factors of 4127047?
19, 281, 773
List the prime factors of 315381686.
2, 193, 817051
What are the prime factors of 290972157?
3, 